{"id":14637,"date":"2019-07-03T12:02:01","date_gmt":"2019-07-03T10:02:01","guid":{"rendered":"https:\/\/www.kiwi-immo.com\/unser-service\/?page_id=14637"},"modified":"2020-02-15T04:39:05","modified_gmt":"2020-02-15T03:39:05","slug":"profi-verkauf","status":"publish","type":"page","link":"https:\/\/kiwi-immo.com\/unser-service\/profi-verkauf\/","title":{"rendered":"Profi Verkauf"},"content":{"rendered":"<section class=\"l-section wpb_row height_full valign_center\" id=\"overview\"><div class=\"l-section-h i-cf\"><div class=\"g-cols vc_row type_default valign_middle\"><div class=\"vc_col-sm-12 wpb_column vc_column_container\"><div class=\"vc_column-inner\"><div class=\"wpb_wrapper\"><div class=\"wpb_text_column\" ><div class=\"wpb_wrapper\"><h1>Wir verkaufen Ihre Immobilie. Mit Erfahrung. Mit Erfolg.<\/h1>\n<h2>F\u00fcr Ihren Verkaufserfolg geben wir unser Bestes und wir sch\u00fctzen Sie vor Risiken, die Sie heute noch gar nicht kennen. Wir sind mit dem Immobilienmarkt in Leverkusen bestens vertraut.<\/h2>\n<\/div><\/div><div class=\"g-cols wpb_row  type_default valign_middle vc_inner\"><div class=\"vc_col-sm-6 wpb_column vc_column_container\"><div class=\"vc_column-inner\"><div class=\"wpb_wrapper\"><div class=\"wpb_text_column\" ><div class=\"wpb_wrapper\"><p>Gute Gr\u00fcnde, die f\u00fcr den <strong>PROFI-VERKAUF<\/strong> sprechen:<\/p>\n<p><i class=\"Defaults-check-square-o\"><\/i> Fundierte Ermittlung des optimalen Angebotspreises<br \/>\n<i class=\"Defaults-check-square-o\"><\/i> Sorgf\u00e4ltig durchdachte Vermarktungsstrategie<br \/>\n<i class=\"Defaults-check-square-o\"><\/i> Profibilder-Produktion und perfekte Grundriss-Illustration<br \/>\n<i class=\"Defaults-check-square-o\"><\/i> Professionell und vollst\u00e4ndig aufbereitete Verkaufsunterlagen<br \/>\n<i class=\"Defaults-check-square-o\"><\/i> Optimale Pr\u00e4sentation mit emotionaler Ansprache<br \/>\n<i class=\"Defaults-check-square-o\"><\/i> Diskrete Vermarktung ohne Klatsch und Tratsch<br \/>\n<i class=\"Defaults-check-square-o\"><\/i> Bonit\u00e4tscheck des Kaufinteressenten vor der Besichtigung<br \/>\n<i class=\"Defaults-check-square-o\"><\/i> Straffe Organisation des Besichtigungstermins<\/p>\n<p>Mit dem <strong>PROFI-VERKAUF<\/strong> sind Sie auf der sicheren Seite.<br \/>\nSprechen Sie mit uns. Es lohnt sich f\u00fcr Sie.<\/p>\n<\/div><\/div><div class=\"w-popup align_left\"><div class=\"w-btn-wrapper\"><a class=\"w-popup-trigger type_btn w-btn us-btn-style_1\" href=\"javascript:void(0)\"><span class=\"w-btn-label\">Kontakt<\/span><\/a><\/div><div class=\"w-popup-overlay\" style=\"background:rgba(0,0,0,0.85);\"><\/div><div class=\"w-popup-wrap\"><div class=\"w-popup-box animation_fadeIn without_title\" style=\"width:500px;\"><div class=\"w-popup-box-h\"><div class=\"w-popup-box-content\" style=\"padding:5%;background:var(--color-content-bg);color:var(--color-content-text);\"><p>[grwebform url=&#8220;https:\/\/app.getresponse.com\/view_webform_v2.js?u=GkKvt&amp;webforms_id=38551704&#8243; css=&#8220;on&#8220; center=&#8220;off&#8220; center_margin=&#8220;200&#8243;\/]<\/p>\n<\/div><\/div><\/div><div class=\"w-popup-closer\" style=\"background:var(--color-content-bg);color:var(--color-content-text);\"><\/div><\/div><\/div><\/div><\/div><\/div><div class=\"vc_col-sm-6 wpb_column vc_column_container\"><div class=\"vc_column-inner\"><div class=\"wpb_wrapper\"><div class=\"w-image align_none\"><div class=\"w-image-h\"><img loading=\"lazy\" decoding=\"async\" width=\"800\" height=\"577\" src=\"https:\/\/kiwi-immo.com\/unser-service\/wp-content\/uploads\/sites\/3\/2019\/07\/iPad-Profi-Verkauf.jpg\" class=\"attachment-full size-full\" alt=\"Profi-Verkauf\" srcset=\"https:\/\/kiwi-immo.com\/unser-service\/wp-content\/uploads\/sites\/3\/2019\/07\/iPad-Profi-Verkauf.jpg 800w, https:\/\/kiwi-immo.com\/unser-service\/wp-content\/uploads\/sites\/3\/2019\/07\/iPad-Profi-Verkauf-300x216.jpg 300w, https:\/\/kiwi-immo.com\/unser-service\/wp-content\/uploads\/sites\/3\/2019\/07\/iPad-Profi-Verkauf-410x296.jpg 410w, https:\/\/kiwi-immo.com\/unser-service\/wp-content\/uploads\/sites\/3\/2019\/07\/iPad-Profi-Verkauf-623x449.jpg 623w\" sizes=\"auto, (max-width: 800px) 100vw, 800px\" \/><\/div><\/div><\/div><\/div><\/div><\/div><\/div><\/div><\/div><\/div><\/div><\/section><section class=\"l-section wpb_row height_full valign_center color_alternate\"><div class=\"l-section-h i-cf\"><div class=\"g-cols vc_row type_default valign_top\"><div class=\"vc_col-sm-12 wpb_column vc_column_container\"><div class=\"vc_column-inner\"><div class=\"wpb_wrapper\"><div class=\"wpb_text_column\" ><div class=\"wpb_wrapper\"><h2 style=\"text-align: left;\">KiWi Immobilien \u2013 Ihr Immobilienmakler in Leverkusen \u2013 bekannt aus:<\/h2>\n<\/div><\/div><div class=\"w-separator size_small\"><\/div><div class=\"g-cols wpb_row  type_default valign_top vc_inner\"><div class=\"vc_col-sm-1\/5 wpb_column vc_column_container\"><div class=\"vc_column-inner\"><div class=\"wpb_wrapper\"><div class=\"w-image align_center\"><div class=\"w-image-h\"><img loading=\"lazy\" decoding=\"async\" width=\"300\" height=\"300\" src=\"https:\/\/kiwi-immo.com\/unser-service\/wp-content\/uploads\/sites\/3\/2019\/06\/Provenexpert1-21.png\" class=\"attachment-medium size-medium\" alt=\"\" srcset=\"https:\/\/kiwi-immo.com\/unser-service\/wp-content\/uploads\/sites\/3\/2019\/06\/Provenexpert1-21.png 300w, https:\/\/kiwi-immo.com\/unser-service\/wp-content\/uploads\/sites\/3\/2019\/06\/Provenexpert1-21-150x150.png 150w, https:\/\/kiwi-immo.com\/unser-service\/wp-content\/uploads\/sites\/3\/2019\/06\/Provenexpert1-21-296x296.png 296w\" sizes=\"auto, (max-width: 300px) 100vw, 300px\" \/><\/div><\/div><\/div><\/div><\/div><div class=\"vc_col-sm-1\/5 wpb_column vc_column_container\"><div class=\"vc_column-inner\"><div class=\"wpb_wrapper\"><div class=\"w-image align_center\"><div class=\"w-image-h\"><img loading=\"lazy\" decoding=\"async\" width=\"300\" height=\"300\" src=\"https:\/\/kiwi-immo.com\/unser-service\/wp-content\/uploads\/sites\/3\/2019\/07\/bekannt-aus-koeln.jpg\" class=\"attachment-medium size-medium\" alt=\"bekannt-aus-koelner-stadtanzeiger\" srcset=\"https:\/\/kiwi-immo.com\/unser-service\/wp-content\/uploads\/sites\/3\/2019\/07\/bekannt-aus-koeln.jpg 300w, https:\/\/kiwi-immo.com\/unser-service\/wp-content\/uploads\/sites\/3\/2019\/07\/bekannt-aus-koeln-150x150.jpg 150w, https:\/\/kiwi-immo.com\/unser-service\/wp-content\/uploads\/sites\/3\/2019\/07\/bekannt-aus-koeln-296x296.jpg 296w\" sizes=\"auto, (max-width: 300px) 100vw, 300px\" \/><\/div><\/div><\/div><\/div><\/div><div class=\"vc_col-sm-1\/5 wpb_column vc_column_container\"><div class=\"vc_column-inner\"><div class=\"wpb_wrapper\"><div class=\"w-image align_center\"><div class=\"w-image-h\"><img loading=\"lazy\" decoding=\"async\" width=\"300\" height=\"300\" src=\"https:\/\/kiwi-immo.com\/unser-service\/wp-content\/uploads\/sites\/3\/2019\/07\/bekannt-aus-immobilienscout.jpg\" class=\"attachment-medium size-medium\" alt=\"bekannt-aus-immobilienscout\" srcset=\"https:\/\/kiwi-immo.com\/unser-service\/wp-content\/uploads\/sites\/3\/2019\/07\/bekannt-aus-immobilienscout.jpg 300w, https:\/\/kiwi-immo.com\/unser-service\/wp-content\/uploads\/sites\/3\/2019\/07\/bekannt-aus-immobilienscout-150x150.jpg 150w, https:\/\/kiwi-immo.com\/unser-service\/wp-content\/uploads\/sites\/3\/2019\/07\/bekannt-aus-immobilienscout-296x296.jpg 296w\" sizes=\"auto, (max-width: 300px) 100vw, 300px\" \/><\/div><\/div><\/div><\/div><\/div><div class=\"vc_col-sm-1\/5 wpb_column vc_column_container\"><div class=\"vc_column-inner\"><div class=\"wpb_wrapper\"><div class=\"w-image align_center\"><div class=\"w-image-h\"><img loading=\"lazy\" decoding=\"async\" width=\"300\" height=\"300\" src=\"https:\/\/kiwi-immo.com\/unser-service\/wp-content\/uploads\/sites\/3\/2019\/06\/Immowelt1-21.png\" class=\"attachment-medium size-medium\" alt=\"\" srcset=\"https:\/\/kiwi-immo.com\/unser-service\/wp-content\/uploads\/sites\/3\/2019\/06\/Immowelt1-21.png 300w, https:\/\/kiwi-immo.com\/unser-service\/wp-content\/uploads\/sites\/3\/2019\/06\/Immowelt1-21-150x150.png 150w, https:\/\/kiwi-immo.com\/unser-service\/wp-content\/uploads\/sites\/3\/2019\/06\/Immowelt1-21-296x296.png 296w\" sizes=\"auto, (max-width: 300px) 100vw, 300px\" \/><\/div><\/div><\/div><\/div><\/div><div class=\"vc_col-sm-1\/5 wpb_column vc_column_container\"><div class=\"vc_column-inner\"><div class=\"wpb_wrapper\"><div class=\"w-image align_center\"><div class=\"w-image-h\"><img loading=\"lazy\" decoding=\"async\" width=\"300\" height=\"300\" src=\"https:\/\/kiwi-immo.com\/unser-service\/wp-content\/uploads\/sites\/3\/2019\/06\/Immonet.png\" class=\"attachment-medium size-medium\" alt=\"\" srcset=\"https:\/\/kiwi-immo.com\/unser-service\/wp-content\/uploads\/sites\/3\/2019\/06\/Immonet.png 300w, https:\/\/kiwi-immo.com\/unser-service\/wp-content\/uploads\/sites\/3\/2019\/06\/Immonet-150x150.png 150w, https:\/\/kiwi-immo.com\/unser-service\/wp-content\/uploads\/sites\/3\/2019\/06\/Immonet-296x296.png 296w\" sizes=\"auto, (max-width: 300px) 100vw, 300px\" \/><\/div><\/div><\/div><\/div><\/div><\/div><\/div><\/div><\/div><\/div><\/div><\/section><section class=\"l-section wpb_row height_full valign_center with_img parallax_ver parallaxdir_reversed\" id=\"reviews\"><div class=\"l-section-img\" style=\"background-image: url(https:\/\/kiwi-immo.com\/unser-service\/wp-content\/uploads\/sites\/3\/2019\/03\/Kunden-sind-begeistert.jpg);background-repeat: no-repeat;\" data-img-width=\"1920\" data-img-height=\"1080\"><\/div><div class=\"l-section-h i-cf\"><div class=\"g-cols vc_row type_default valign_top gap-15px\"><style>.g-cols.gap-15px{margin:0 calc(-1.5rem - 15px)}.gap-15px > .vc_column_container {padding:15px}<\/style><div class=\"vc_col-sm-4 wpb_column vc_column_container has-fill animate_afr\" style=\"animation-delay:0.2s\"><div class=\"vc_column-inner us_custom_9091ff54\"><div class=\"wpb_wrapper\"><div class=\"w-image align_center\"><div class=\"w-image-h\"><img loading=\"lazy\" decoding=\"async\" width=\"209\" height=\"75\" src=\"https:\/\/kiwi-immo.com\/unser-service\/wp-content\/uploads\/sites\/3\/2019\/06\/ProvenExpert.png\" class=\"attachment-large size-large\" alt=\"\" \/><\/div><\/div><div class=\"w-separator size_small\"><\/div><div class=\"wpb_text_column us_custom_0f8f44b7 bewertung-text\" ><div class=\"wpb_wrapper\"><p>Wir danken Herr Kinnen f\u00fcr die hervorragende Zusammenarbeit, er hat durch seine dynamische und kompetente Art \u00fcberzeugt. Seine Erfahrung brachte er ruhig und besonnen mit ein, das Ergebnis ist mehr als zufriedenstellend und jederzeit gerne wieder mit KIWI.<\/p>\n<p><b>Holger K. \u2013 Eigent\u00fcmer<\/b><\/p>\n<\/div><\/div><\/div><\/div><\/div><div class=\"vc_col-sm-4 wpb_column vc_column_container has-fill animate_afr\" style=\"animation-delay:0.3s\"><div class=\"vc_column-inner us_custom_9091ff54\"><div class=\"wpb_wrapper\"><div class=\"w-image align_center\"><div class=\"w-image-h\"><img loading=\"lazy\" decoding=\"async\" width=\"209\" height=\"75\" src=\"https:\/\/kiwi-immo.com\/unser-service\/wp-content\/uploads\/sites\/3\/2019\/06\/ProvenExpert.png\" class=\"attachment-large size-large\" alt=\"\" \/><\/div><\/div><div class=\"w-separator size_small\"><\/div><div class=\"wpb_text_column us_custom_0f8f44b7 bewertung-text\" ><div class=\"wpb_wrapper\"><p>Herr Kopp fand sehr schnell Kaufinteressenten, mit welchen er dann die Gespr\u00e4che f\u00fchrte.<br \/>\nEs war unsere erste Wohnung die wir verkauften.<br \/>\nBeim n\u00e4chsten Verkauf oder Kauf werden wir gerne auf Herrn Kopp zur\u00fcck kommen.<\/p>\n<p><b>Olaf L. \u2013 Eigent\u00fcmer<\/b><\/p>\n<\/div><\/div><div class=\"w-image align_center\"><div class=\"w-image-h\"><img loading=\"lazy\" decoding=\"async\" width=\"150\" height=\"150\" src=\"https:\/\/kiwi-immo.com\/unser-service\/wp-content\/uploads\/sites\/3\/2019\/03\/ProvenExpert-Siegel.png\" class=\"attachment-large size-large\" alt=\"\" \/><\/div><\/div><\/div><\/div><\/div><div class=\"vc_col-sm-4 wpb_column vc_column_container has-fill animate_afr\" style=\"animation-delay:0.4s\"><div class=\"vc_column-inner us_custom_9091ff54\"><div class=\"wpb_wrapper\"><div class=\"w-image align_center\"><div class=\"w-image-h\"><img loading=\"lazy\" decoding=\"async\" width=\"209\" height=\"75\" src=\"https:\/\/kiwi-immo.com\/unser-service\/wp-content\/uploads\/sites\/3\/2019\/06\/ProvenExpert.png\" class=\"attachment-large size-large\" alt=\"\" \/><\/div><\/div><div class=\"w-separator size_small\"><\/div><div class=\"wpb_text_column us_custom_0f8f44b7 bewertung-text\" ><div class=\"wpb_wrapper\"><p>Kiwi Imobilien ist sehr zu empfelen es ist alles reibungslos und nach unseren vorstellungen abgelaufen zu jeder zeit bekamen wir informationen und schnelle hilfe bei fragen es wurde alles f\u00fcr uns erledigt keine lauferreien wegen papieren usw. Wir konnten uns zu 100% auf unseren Makler verlassen.<\/p>\n<p><b>Nadine F. \u2013 Eigent\u00fcmer<\/b><\/p>\n<\/div><\/div><\/div><\/div><\/div><\/div><\/div><\/section><section class=\"l-section wpb_row us_custom_4fb9e5a3 height_full valign_center\" id=\"ueberuns\"><div class=\"l-section-h i-cf\"><div class=\"g-cols vc_row type_default valign_top\"><div class=\"vc_col-sm-6 wpb_column vc_column_container\"><div class=\"vc_column-inner\"><div class=\"wpb_wrapper\"><div class=\"w-image style_shadow-1 align_left meta_simple\"><div class=\"w-image-h\"><img loading=\"lazy\" decoding=\"async\" width=\"2353\" height=\"1044\" src=\"https:\/\/kiwi-immo.com\/unser-service\/wp-content\/uploads\/sites\/3\/2019\/07\/2.jpg\" class=\"attachment-full size-full\" alt=\"\" srcset=\"https:\/\/kiwi-immo.com\/unser-service\/wp-content\/uploads\/sites\/3\/2019\/07\/2.jpg 2353w, https:\/\/kiwi-immo.com\/unser-service\/wp-content\/uploads\/sites\/3\/2019\/07\/2-300x133.jpg 300w, https:\/\/kiwi-immo.com\/unser-service\/wp-content\/uploads\/sites\/3\/2019\/07\/2-1024x454.jpg 1024w, https:\/\/kiwi-immo.com\/unser-service\/wp-content\/uploads\/sites\/3\/2019\/07\/2-667x296.jpg 667w\" sizes=\"auto, (max-width: 2353px) 100vw, 2353px\" \/><\/div><div class=\"w-image-meta\"><div class=\"w-image-title\">KiWi-Immobilien<\/div><\/div><\/div><\/div><\/div><\/div><div class=\"vc_col-sm-6 wpb_column vc_column_container\"><div class=\"vc_column-inner\"><div class=\"wpb_wrapper\"><div class=\"wpb_text_column\" ><div class=\"wpb_wrapper\"><h2 style=\"text-align: left;\">Verkaufen will gelernt sein!<\/h2>\n<p style=\"text-align: left;\">Es gibt Immobilien, die werden ewig und drei Tage angeboten, aber nicht verkauft. Bei uns ist das anders: 89% aller uns anvertrauten Immobilien verkaufen wir in weniger als 7 Wochen. Wir wissen ganz genau, wie wir den richtigen K\u00e4ufer f\u00fcr Ihre Immobilie finden. Ihre Ziele stehen f\u00fcr uns im Mittelpunkt. Vertrauen Sie unserer qualifizierten Beratung, dann wird Ihr Immobilienverkauf ein voller Erfolg.<\/p>\n<p style=\"text-align: left;\">Den Verkaufserfolg gekonnt vorausplanen ist besser als auf irgendeinen gl\u00fccklichen Zufall zu hoffen \u2013 das ist unsere Devise.<\/p>\n<p style=\"text-align: left;\">Wir arbeiten professionell und verantwortungsbewusst. Mit unserem konsequenten Qualit\u00e4tsanspruch heben wir uns von anderen \u201eDas-machen-wir-mal-eben-Maklern\u201c \u00fcberzeugend ab.<\/p>\n<p style=\"text-align: left;\">Es geht um Ihr Geld. Gehen Sie keine unn\u00f6tigen Risiken ein. Ihre Immobilie verdient es, perfekt beworben zu werden. Sprechen Sie jetzt mit uns. Wir freuen uns auf Sie.<\/p>\n<p style=\"text-align: left;\">Herzlich,<br \/>\nIhr Jan Kinnen<br \/>\nKiWi Immobilien Leverkusen<\/p>\n<\/div><\/div><div class=\"w-scroller style_3 pos_right\" aria-hidden=\"true\" data-speed=\"700\" data-disablewidth=\"767\"><div class=\"w-scroller-dots\"><a href=\"javascript:void(0);\" tabindex=\"-1\" class=\"w-scroller-dot\"><span style=\"font-size:10px;\"><\/span><\/a><\/div><\/div><\/div><\/div><\/div><\/div><\/div><\/section>\n","protected":false},"excerpt":{"rendered":"Wir verkaufen Ihre Immobilie. Mit Erfahrung. Mit Erfolg. F\u00fcr Ihren Verkaufserfolg geben wir unser Bestes und wir sch\u00fctzen Sie vor Risiken, die Sie heute noch gar nicht kennen. Wir sind mit dem Immobilienmarkt in Leverkusen bestens vertraut. Gute Gr\u00fcnde, die f\u00fcr den PROFI-VERKAUF sprechen: Fundierte Ermittlung des optimalen Angebotspreises Sorgf\u00e4ltig durchdachte Vermarktungsstrategie Profibilder-Produktion und perfekte...","protected":false},"author":1,"featured_media":0,"parent":0,"menu_order":0,"comment_status":"closed","ping_status":"closed","template":"","meta":{"footnotes":""},"class_list":["post-14637","page","type-page","status-publish","hentry"],"_links":{"self":[{"href":"https:\/\/kiwi-immo.com\/unser-service\/wp-json\/wp\/v2\/pages\/14637","targetHints":{"allow":["GET"]}}],"collection":[{"href":"https:\/\/kiwi-immo.com\/unser-service\/wp-json\/wp\/v2\/pages"}],"about":[{"href":"https:\/\/kiwi-immo.com\/unser-service\/wp-json\/wp\/v2\/types\/page"}],"author":[{"embeddable":true,"href":"https:\/\/kiwi-immo.com\/unser-service\/wp-json\/wp\/v2\/users\/1"}],"replies":[{"embeddable":true,"href":"https:\/\/kiwi-immo.com\/unser-service\/wp-json\/wp\/v2\/comments?post=14637"}],"version-history":[{"count":15,"href":"https:\/\/kiwi-immo.com\/unser-service\/wp-json\/wp\/v2\/pages\/14637\/revisions"}],"predecessor-version":[{"id":14756,"href":"https:\/\/kiwi-immo.com\/unser-service\/wp-json\/wp\/v2\/pages\/14637\/revisions\/14756"}],"wp:attachment":[{"href":"https:\/\/kiwi-immo.com\/unser-service\/wp-json\/wp\/v2\/media?parent=14637"}],"curies":[{"name":"wp","href":"https:\/\/api.w.org\/{rel}","templated":true}]}}